 and 2000?
50
What is the highest common divisor of 204 and 384?
12
What is the highest common divisor of 3563 and 7?
7
Calculate the highest common factor of 14 and 21.
7
What is the greatest common divisor of 975 and 375?
75
What is the greatest common divisor of 4370 and 46?
46
Calculate the greatest common divisor of 998 and 10.
2
Calculate the greatest common factor of 126 and 994.
14
Calculate the greatest common divisor of 25 and 775.
25
Calculate the greatest common factor of 10 and 755.
5
Calculate the greatest common divisor of 412 and 2266.
206
What is the greatest common divisor of 104 and 224?
8
What is the highest common factor of 11049 and 957?
87
Calculate the highest common divisor of 3381 and 207.
69
What is the greatest common divisor of 576 and 4644?
36
What is the greatest common divisor of 72 and 666?
18
What is the greatest common divisor of 1927 and 2173?
41
Calculate the highest common factor of 5 and 215.
5
Calculate the highest common divisor of 81 and 135.
27
What is the highest common factor of 10 and 8?
2
What is the greatest common divisor of 48 and 312?
24
Calculate the highest common factor of 7 and 567.
7
Calculate the greatest common factor of 176 and 9229.
11
What is the greatest common factor of 210 and 910?
70
What is the highest common divisor of 14310 and 540?
270
What is the greatest common factor of 135 and 120?
15
Calculate the highest common divisor of 31 and 248.
31
What is the highest common divisor of 85 and 3604?
17
What is the greatest common factor of 34 and 51?
17
Calculate the greatest common factor of 495 and 20.
5
What is the highest common divisor of 81 and 25731?
27
What is the greatest common divisor of 39 and 1713?
3
What is the greatest common factor of 7 and 973?
7
Calculate the highest common factor of 16 and 12.
4
Calculate the highest common divisor of 240 and 1110.
30
What is the greatest common divisor of 17 and 14263?
17
What is the greatest common divisor of 2522 and 286?
26
What is the highest common divisor of 120 and 204?
12
What is the greatest common factor of 98 and 49?
49
What is the highest common factor of 300 and 12?
12
Calculate the greatest common factor of 5 and 360.
5
What is the highest common factor of 588 and 56?
28
Calculate the greatest common factor of 192 and 12.
12
Calculate the highest common factor of 51 and 187.
17
Calculate the greatest common divisor of 3346 and 56.
14
Calculate the highest common factor of 91224 and 24.
24
What is the greatest common divisor of 1254 and 528?
66
What is the highest common divisor of 60 and 12?
12
What is the greatest common factor of 1156 and 272?
68
Calculate the greatest common factor of 27 and 441.
9
Calculate the highest common divisor of 296 and 32.
8
Calculate the greatest common factor of 26571 and 51.
51
Calculate the greatest common factor of 71340 and 164.
164
What is the highest common factor of 11 and 55?
11
Calculate the highest common divisor of 17 and 1751.
17
What is the greatest common factor of 1717 and 101?
101
What is the greatest common factor of 64 and 800?
32
Calculate the greatest common divisor of 324 and 216.
108
Calculate the highest common factor of 1104 and 69.
69
Calculate the highest common divisor of 10 and 185.
5
Calculate the greatest common factor of 26 and 1157.
13
Calculate the highest common divisor of 9 and 78.
3
Calculate the greatest common divisor of 1287 and 572.
143
Calculate the greatest common factor of 2575 and 50.
25
What is the highest common divisor of 918 and 255?
51
What is the greatest common divisor of 3 and 258?
3
Calculate the highest common divisor of 170 and 544.
34
Calculate the greatest common divisor of 171 and 6.
3
What is the highest common factor of 12335 and 5?
5
Calculate the greatest common divisor of 95 and 361.
19
What is the highest common factor of 23 and 15479?
23
Calculate the greatest common divisor of 1 and 16.
1
What is the highest common factor of 64 and 32?
32
What is the greatest common factor of 1626 and 18?
6
Calculate the greatest common factor of 170 and 240.
10
Calculate the highest common factor of 21 and 147.
21
Calculate the greatest common divisor of 29 and 1073.
29
Calculate the highest common divisor of 273 and 105.
21
Calculate the greatest common factor of 24 and 2892.
12
What is the highest common divisor of 280 and 35?
35
Calculate the greatest common divisor of 18 and 13941.
9
Calculate the highest common divisor of 46 and 2.
2
What is the highest common divisor of 208 and 143?
13
What is the highest common divisor of 4696 and 16?
8
Calculate the highest common factor of 438 and 7738.
146
Calculate the highest common divisor of 1300 and 52.
52
Calculate the highest common factor of 840 and 378.
42
What is the highest common factor of 28 and 28?
28
Calculate the highest common divisor of 4 and 932.
4
Calculate the highest common divisor of 237 and 3397.
79
Calculate the highest common factor of 1360 and 144.
16
What is the greatest common factor of 58 and 145?
29
What is the greatest common factor of 342 and 171?
171
What is the highest common factor of 1652 and 42?
14
Calculate the highest common factor of 4 and 164.
4
Calculate the greatest common factor of 10 and 710.
10
What is the greatest common divisor of 2934 and 27?
9
Calculate the highest common divisor of 76 and 1862.
38
Calculate the highest common divisor of 68 and 4556.
68
What is the greatest common factor of 324 and 3159?
81
What is the highest common divisor of 1183 and 301?
7
Calculate the greatest common factor of 115 and 1495.
115
What is the highest common factor of 135 and 5?
5
What is the greatest common divisor of 3101 and 7?
7
What is the highest common divisor of 1590 and 150?
30
Calculate the greatest common factor of 9 and 1593.
9
Calculate the greatest common divisor of 42 and 350.
14
What is the greatest common divisor of 506 and 22?
22
What is the greatest common divisor of 68 and 32?
4
Calculate the highest common factor of 111 and 4773.
111
What is the greatest common divisor of 72 and 9?
9
Calculate the greatest common factor of 119 and 2261.
119
What is the highest common divisor of 13 and 13?
13
What is the highest common divisor of 1273 and 38?
19
What is the greatest common factor of 7161 and 434?
217
Calculate the highest common factor of 13494 and 312.
78
What is the greatest common factor of 441 and 224?
7
What is the highest common divisor of 27 and 513?
27
What is the greatest common divisor of 1341 and 149?
149
Calculate the highest common divisor of 96 and 15600.
48
Calculate the highest common divisor of 10 and 105.
5
What is the greatest common divisor of 1820 and 273?
91
What is the highest common divisor of 350 and 2975?
175
What is the greatest common divisor of 225 and 25?
25
Calculate the greatest common divisor of 27 and 405.
27
What is the greatest common factor of 88 and 6193?
11
What is the highest common divisor of 351 and 507?
39
Calculate the highest common divisor of 130 and 234.
26
Calculate the greatest common factor of 48 and 2384.
16
Calculate the greatest common divisor of 60 and 852.
12
What is the greatest common divisor of 1833 and 1269?
141
What is the greatest common factor of 323 and 95?
19
What is the greatest common divisor of 4577 and 23?
23
What is the greatest common divisor of 48 and 606?
6
Calculate the highest common divisor of 335 and 70685.
335
What is the greatest common divisor of 77 and 28?
7
What is the highest common divisor of 66 and 66?
66
What is the highest common divisor of 1656 and 621?
207
What is the highest common divisor of 153 and 531?
9
What is the highest common divisor of 88232 and 164?
164
Calculate the greatest common divisor of 35 and 812.
7
What is the highest common divisor of 435 and 2523?
87
What is the greatest common factor of 232 and 592?
8
What is the highest common divisor of 52308 and 36?
36
Calculate the greatest common divisor of 68 and 204.
68
What is the highest common factor of 111017 and 19?
19
What is the greatest common divisor of 138 and 7751?
23
Calculate the highest common factor of 3293 and 89.
89
Calculate the highest common divisor of 414 and 736.
46
Calculate the highest common factor of 435 and 165.
15
Calculate the greatest common factor of 19